 Let m be z(-4). Let q be (-2)/m*-3*2. Calculate the greatest common divisor of 40 and q.
4
Let l(z) = 3*z + 1. Let o be l(5). Let h(n) = -n**3 + 14*n**2 + n + 2. Let d be h(14). What is the greatest common divisor of d and o?
16
Let v(h) = 39*h**2 + 6*h + 11. Let u(a) = -13*a**2 - 2*a - 4. Let p(t) = 17*u(t) + 6*v(t). Let s be p(3). Calculate the highest common factor of 11 and s.
11
Let s(j) = -j**2 + j + 160. Let b be s(0). Calculate the highest common divisor of b and 20.
20
Let n(k) = k**2 - 14*k + 17. Let a be n(14). What is the highest common divisor of a and 153?
17
Let g(h) = -2*h**2 + 16*h + 11. Let n be g(8). What is the highest common factor of n and 33?
11
Let j = 52 - 37. Suppose r = g - j, g + 5 = -5*r - 4. What is the greatest common factor of g and 1?
1
Let h be 1 + 1 - -119 - -3. Suppose -4*w = -5*b + h, b - 19 = -3*w - 2*w. What is the highest common divisor of 60 and b?
12
Suppose 0 = -7*q - q + 552. What is the highest common divisor of q and 46?
23
Let z = 15 + 24. Calculate the greatest common divisor of z and 26.
13
Let n(i) = -5*i - 7. Let m be -2*(-2)/(16/(-20)). Let s be n(m). What is the highest common divisor of s and 198?
18
Suppose 5 = -3*b + 23. Let m be 56/(-10)*(2 - -3). Let u = m + 58. Calculate the highest common factor of u and b.
6
Suppose 3*z - 3 = -0. Let k = z - -9. Suppose 4*h = -5*a - 33 + 387, a = 5*h + 65. Calculate the greatest common factor of k and a.
10
Let w(x) = -5*x + 2. Let n(z) = -z**3 - 3*z**2 + z + 1. Let b be n(-3). Let r be 20/(-5)*b/(-4). Let g be w(r). What is the highest common factor of 36 and g?
12
Suppose f = -5*z + 79, -9 - 32 = -3*z + f. Let m = z + -4. What is the highest common factor of 33 and m?
11
Suppose 9*m = 5*m + 48. What is the highest common factor of m and 24?
12
Let i(m) = -2*m + 5 - m**2 - 4*m - m. Let h be i(-6). Calculate the highest common factor of h and 44.
11
Suppose 2*u = -5 - 5, f = -2*u - 14. Let q = 6 + f. Calculate the highest common factor of q and 4.
2
Suppose 3*u + 773 = 3*v + u, -u = 2*v - 527. Calculate the greatest common divisor of 29 and v.
29
Let x be (1 - (-3)/(-2))*-12. What is the highest common factor of 24 and x?
6
Let v(y) = -11*y - 3. Let n be v(-6). Suppose 0 = -4*d - 4*f + 20, 6*d - 2*d - 2*f - 32 = 0. Calculate the highest common divisor of d and n.
7
Let a be (-6 + 0)*1/2. Let j be 9 - 6*a/(-9). Calculate the highest common divisor of j and 7.
7
Let g(h) = -h**3 + 2*h**2 + 7*h - 1. Let a be g(3). Calculate the greatest common divisor of a and 55.
11
Suppose -3*x = -2*y - 45, -y - 4*x - 17 = -0*x. Let q = 14 - y. What is the greatest common divisor of 14 and q?
7
Suppose 2*x - 4 + 16 = 0. Let c(y) = -9*y - 5. Let r be c(x). Calculate the greatest common divisor of 7 and r.
7
Suppose 0 = -w + 5, 9 = -c - 3*w + 21. Let v(s) = -s**3 - 3*s**2 - 2*s + 2. Let r be v(c). What is the highest common divisor of r and 88?
8
Let q(h) = -46*h - 2. Let z be q(-1). Let t be 6/(-21) - (-46)/14. Suppose -6*m + 34 = a - m, -4*a + t*m = -z. What is the greatest common factor of a and 21?
7
Let z be 4/1 - ((-1 - -1) + 1). Calculate the greatest common divisor of z and 3.
3
Suppose -10 = -7*o - 3*o. What is the greatest common divisor of o and 7?
1
Suppose -3*d = 2*d - 350. What is the highest common factor of 10 and d?
10
Let t = -31 - -58. What is the greatest common factor of 297 and t?
27
Suppose 294 = -18*x + 1104. Suppose -5*o - 3*n + 14 = -61, -3*o - 5*n + 45 = 0. What is the highest common factor of x and o?
15
Suppose -a + 19 = 4*y - 59, -279 = -4*a - 5*y. What is the highest common factor of 6 and a?
6
Let q = 0 - -4. Suppose -3*n - 33 = -2*y, -y = 4*y - q*n - 65. Calculate the highest common divisor of y and 6.
3
Let i(r) = -3*r**3 - 5*r**2 - 4*r + 4. Let t be i(-4). What is the greatest common factor of t and 24?
12
Suppose -3*c = -0*c - 462. What is the greatest common divisor of c and 14?
14
Let f(m) = -m**2 - 3*m**2 + 3*m + 7 + 4*m + m**3. Let b be f(8). Suppose 0 = -5*c + b - 59. What is the greatest common factor of 13 and c?
13
Let g be (1/(-2))/((-6)/204). Suppose -102 = -i - 2*i. What is the highest common divisor of i and g?
17
Let m = -68 + 77. What is the highest common divisor of 45 and m?
9
Let l(n) = n**3 + 10*n**2 + 7*n + 7. Let b be l(-7). Suppose i - 30 = -i. What is the highest common divisor of i and b?
15
Let m = 6 + -2. Let p(a) = a**3 + 7*a**2 - 3*a - 2. Let k be p(-7). Let c = k - m. Calculate the greatest common divisor of c and 10.
5
Suppose -34 = -2*k + 4*d, -54 = -5*k - d + 20. Let j = k + -7. Calculate the highest common divisor of 4 and j.
4
Let m = 14 + -3. Suppose -p + 25 = -8. What is the greatest common factor of p and m?
11
Suppose 2*s = 3*x - 102 - 2, -5*x = -s - 178. Let v = -23 + 35. Calculate the greatest common divisor of v and x.
12
Let k(s) = s + 5. Let v be k(10). Let b = 13 + v. What is the greatest common factor of b and 70?
14
Let b = -24 + 64. Calculate the highest common factor of b and 8.
8
Let i = 7 + -3. Let j be (2/i + -1)*-4. Suppose -j*k - 1 = 1, -5*g + 5*k = -20. What is the greatest common divisor of g and 3?
3
Suppose -27 - 45 = -6*h. Suppose -5*o = -25, 2*o - 7 = -w + 3*o. Calculate the greatest common divisor of h and w.
12
Suppose 0 = 3*w - 3*j - 6, 3*w - j - 5 = w. Suppose 2*y - p = 1, -40 = -5*y - 5*p - 0*p. Suppose 9 = y*u - 0*u. What is the greatest common factor of w and u?
3
Let i(t) be the first derivative of -3/2*t**2 + 1 + 3*t. Let r be i(-9). Calculate the greatest common divisor of 12 and r.
6
Let b be ((-4)/(-14))/((-3)/(-42)). What is the highest common divisor of 32 and b?
4
Let w(c) = c**3 + 14*c**2 - 14*c + 19. Let u be w(-15). What is the highest common factor of 12 and u?
4
Let y(q) = q**3 + 5*q**2 - 4*q - 5. Let u be y(-5). What is the greatest common factor of u and 75?
15
Let v be (3/2)/(9/18). Let w(t) = 2*t**2 + t - 2. Let f be w(-2). Suppose 2*n = f*n - 54. Calculate the greatest common factor of n and v.
3
Let t(a) = -5*a + 10. Let d be t(-7). What is the greatest common factor of d and 5?
5
Let w(r) = r + 11. Suppose m - 27 = -4*g, -5*m = g - 5*g - 15. Let o = -12 + m. Let v be w(o). Calculate the highest common divisor of 4 and v.
2
Let z(l) = -l**2 - l + 1. Let v be z(-4). Let y = 19 + v. Calculate the greatest common divisor of y and 8.
8
Let n = -84 - -174. What is the greatest common divisor of n and 60?
30
Let f(c) = -7*c + 10. Let a be f(-6). Let j = 58 + a. What is the greatest common divisor of 10 and j?
10
Let u(f) = 11*f**2 - f - 10. Let l be u(7). Calculate the highest common divisor of l and 58.
58
Suppose 7 + 13 = 2*g. Let y be -10*((-6)/2)/6. Suppose -2 - 48 = -y*b. Calculate the highest common divisor of b and g.
10
Suppose -w = -88 + 28. Calculate the highest common factor of w and 12.
12
Suppose -5*c - 264 = -11*c. Calculate the greatest common factor of 4 and c.
4
Let k = 19 + 2. Suppose 30 + k = 3*r. Calculate the highest common factor of 68 and r.
17
Let i be (-24)/(-2)*(-2 - -3). Let h be 8/i + (-56)/(-6). What is the highest common factor of 50 and h?
10
Let a(j) = 5*j**2 + 21*j - 9. Let k(c) = -2*c**2 - 10*c + 5. Let w(z) = 3*a(z) + 7*k(z). Let v be w(8). What is the greatest common divisor of v and 4?
4
Let n = -22 + 23. Calculate the greatest common factor of n and 1.
1
Suppose 0 = 4*l + 24 - 168. Suppose -69*z + 75*z - 24 = 0. Calculate the greatest common factor of z and l.
4
Suppose -5*b = -5*z + 105, 0 = -2*z - 4*b - 0*b + 36. Let r = 27 - z. Calculate the highest common factor of 77 and r.
7
Let c(r) = -r**2 - 9*r + 14. Let y be c(-10). Let v = 7 - y. What is the highest common factor of 2 and v?
1
Let x(o) = 3*o - 1. Let y be x(3). Suppose 0 = 3*s - 5*l - 121, 0*s = -3*s - 3*l + 153. Let q = s + -23. Calculate the highest common factor of q and y.
8
Let u be ((-2)/(-5))/((-2)/(-55)). What is the highest common factor of 33 and u?
11
Let y = 1 - -3. Suppose y*i + i - 90 = 0. What is the highest common factor of 12 and i?
6
Suppose p - 4 = -2*j - 1, j + p - 2 = 0. Let t = j + 3. What is the highest common factor of 44 and t?
4
Let u(x) = 13*x + 53*x - 3 - 1 - 15*x. Let t be u(2). What is the highest common factor of 14 and t?
14
Suppose -r = 4*t - 5*r + 84, 120 = -4*t - 5*r. Let b be (-10)/(-4)*(-20)/t. Calculate the highest c